{"id":196,"date":"2023-09-16T13:00:11","date_gmt":"2023-09-16T11:00:11","guid":{"rendered":"https:\/\/helfer.openairdeisswil.ch\/?page_id=196"},"modified":"2025-08-25T10:43:56","modified_gmt":"2025-08-25T08:43:56","slug":"hallo-liebe-helferinnen","status":"publish","type":"page","link":"https:\/\/helfer.openairdeisswil.ch\/","title":{"rendered":"Hallo, liebe Helfer*innen"},"content":{"rendered":"\n<h2 class=\"wp-block-heading\"><strong>Helferessen &#8211; 18.09.2025<\/strong>, 18.30 Uhr<\/h2>\n\n\n\n<h3 class=\"wp-block-heading\">Anmeldung: <\/h3>\n\n\n\n<p><a href=\"https:\/\/docs.google.com\/forms\/d\/1hXsLB5CzlCgYX4xTRok6pwo5DSk7KxKJ6YERgZajV4o\/viewform\" target=\"_blank\" rel=\"noreferrer noopener\">LINK Anmeldung Dankesessen<\/a> bis 13.09.<\/p>\n\n\n\n<h3 class=\"wp-block-heading\">Anfahrt<\/h3>\n\n\n\n<p>Hornusserh\u00fcttli Buchsi-Wohlen in Diemerswil <br>Moosweg 10, 3053 Diemerswil <br><a href=\"https:\/\/www.google.com\/maps\/place\/hg+m%C3%BCnchenbuchsee+wohlen\/data=!4m2!3m1!1s0x478e3b03cddcd7cf:0x4943787fa7566e9a?sa=X&amp;ved=1t:242&amp;ictx=111\" target=\"_blank\" rel=\"noreferrer noopener\">Google Maps Link<\/a><\/p>\n\n\n\n<figure class=\"wp-block-image size-large\"><img loading=\"lazy\" decoding=\"async\" width=\"1024\" height=\"800\" src=\"https:\/\/helfer.openairdeisswil.ch\/wp-content\/uploads\/2025\/08\/image-1-1024x800.png\" alt=\"\" class=\"wp-image-340\" srcset=\"https:\/\/helfer.openairdeisswil.ch\/wp-content\/uploads\/2025\/08\/image-1-1024x800.png 1024w, https:\/\/helfer.openairdeisswil.ch\/wp-content\/uploads\/2025\/08\/image-1-300x234.png 300w, https:\/\/helfer.openairdeisswil.ch\/wp-content\/uploads\/2025\/08\/image-1-768x600.png 768w, https:\/\/helfer.openairdeisswil.ch\/wp-content\/uploads\/2025\/08\/image-1-900x703.png 900w, https:\/\/helfer.openairdeisswil.ch\/wp-content\/uploads\/2025\/08\/image-1.png 1197w\" sizes=\"auto, (max-width: 1024px) 100vw, 1024px\" \/><\/figure>\n\n\n\n<p><br><\/p>\n\n\n\n<p>Das gesamte OK des Openair Deisswil dankt euch herzlich f\u00fcr eure Unterst\u00fctzung. Dieses Event w\u00e4re ohne euch nicht m\u00f6glich!<\/p>\n\n\n\n<p>Seid fr\u00fch genug da, damit ihr euch noch umsehen k\u00f6nnt. Meldet euch bei der Ankunft beim Eingang an, damit ihr das Helferb\u00e4ndchen erhaltet. Ihr d\u00fcrft auch schon am Donnerstag vorbeikommen, um euch umzusehen und Infos abzuholen. Das Shirt, Infos und Essens- &amp; Getr\u00e4nkebons werdet ihr beim Eingang erhalten.<\/p>\n\n\n\n<p>Anschliessend meldet euch bei Ariana, Salom\u00e9 oder wenn ihr euch bereits auskennt, gleich bei eurem Posten. Ihr werdet anschliessend auf eurem Posten vom Verantwortlichen oder von der abzul\u00f6senden Person eingef\u00fchrt.<\/p>\n\n\n\n<p>Lest bitte die Seite Information und euren Postbeschrieb vorg\u00e4ngig durch.<\/p>\n\n\n\n<p class=\"has-text-align-center\">Zum Helferplan: <a href=\"https:\/\/helfer.openairdeisswil.ch\/index.php\/helferplan\/\" target=\"_blank\" rel=\"noreferrer noopener\">OAD Helferplan<\/a><\/p>\n\n\n\n<p class=\"has-text-align-center\"><strong>Save the Date Helferessen: 18.09.2025<\/strong><\/p>\n\n\n\n<figure class=\"wp-block-image size-large\"><img loading=\"lazy\" decoding=\"async\" width=\"1024\" height=\"683\" src=\"https:\/\/helfer.openairdeisswil.ch\/wp-content\/uploads\/2025\/04\/OAD_190-1024x683.jpg\" alt=\"\" class=\"wp-image-285\" srcset=\"https:\/\/helfer.openairdeisswil.ch\/wp-content\/uploads\/2025\/04\/OAD_190-1024x683.jpg 1024w, https:\/\/helfer.openairdeisswil.ch\/wp-content\/uploads\/2025\/04\/OAD_190-300x200.jpg 300w, https:\/\/helfer.openairdeisswil.ch\/wp-content\/uploads\/2025\/04\/OAD_190-768x512.jpg 768w, https:\/\/helfer.openairdeisswil.ch\/wp-content\/uploads\/2025\/04\/OAD_190-1536x1024.jpg 1536w, https:\/\/helfer.openairdeisswil.ch\/wp-content\/uploads\/2025\/04\/OAD_190-2048x1365.jpg 2048w, https:\/\/helfer.openairdeisswil.ch\/wp-content\/uploads\/2025\/04\/OAD_190-900x600.jpg 900w, https:\/\/helfer.openairdeisswil.ch\/wp-content\/uploads\/2025\/04\/OAD_190-1280x853.jpg 1280w\" sizes=\"auto, (max-width: 1024px) 100vw, 1024px\" \/><\/figure>\n","protected":false},"excerpt":{"rendered":"<p>Helferessen &#8211; 18.09.2025, 18.30 Uhr Anmeldung: LINK Anmeldung Dankesessen bis 13.09. Anfahrt Hornusserh\u00fcttli Buchsi-Wohlen in Diemerswil Moosweg 10, 3053 Diemerswil Google Maps Link Das gesamte OK des Openair Deisswil dankt euch herzlich f\u00fcr eure Unterst\u00fctzung. Dieses Event w\u00e4re ohne euch nicht m\u00f6glich! Seid fr\u00fch genug da, damit ihr euch noch umsehen k\u00f6nnt. Meldet euch bei [&hellip;]<\/p>\n","protected":false},"author":1,"featured_media":0,"parent":0,"menu_order":0,"comment_status":"closed","ping_status":"closed","template":"full-width-page-template.php","meta":{"footnotes":""},"class_list":["post-196","page","type-page","status-publish","hentry"],"_links":{"self":[{"href":"https:\/\/helfer.openairdeisswil.ch\/index.php\/wp-json\/wp\/v2\/pages\/196","targetHints":{"allow":["GET"]}}],"collection":[{"href":"https:\/\/helfer.openairdeisswil.ch\/index.php\/wp-json\/wp\/v2\/pages"}],"about":[{"href":"https:\/\/helfer.openairdeisswil.ch\/index.php\/wp-json\/wp\/v2\/types\/page"}],"author":[{"embeddable":true,"href":"https:\/\/helfer.openairdeisswil.ch\/index.php\/wp-json\/wp\/v2\/users\/1"}],"replies":[{"embeddable":true,"href":"https:\/\/helfer.openairdeisswil.ch\/index.php\/wp-json\/wp\/v2\/comments?post=196"}],"version-history":[{"count":12,"href":"https:\/\/helfer.openairdeisswil.ch\/index.php\/wp-json\/wp\/v2\/pages\/196\/revisions"}],"predecessor-version":[{"id":345,"href":"https:\/\/helfer.openairdeisswil.ch\/index.php\/wp-json\/wp\/v2\/pages\/196\/revisions\/345"}],"wp:attachment":[{"href":"https:\/\/helfer.openairdeisswil.ch\/index.php\/wp-json\/wp\/v2\/media?parent=196"}],"curies":[{"name":"wp","href":"https:\/\/api.w.org\/{rel}","templated":true}]}}