{"id":106,"date":"2023-07-07T15:19:39","date_gmt":"2023-07-07T13:19:39","guid":{"rendered":"https:\/\/helfer.openairdeisswil.ch\/?page_id=106"},"modified":"2025-07-20T11:13:11","modified_gmt":"2025-07-20T09:13:11","slug":"depot","status":"publish","type":"page","link":"https:\/\/helfer.openairdeisswil.ch\/index.php\/depot\/","title":{"rendered":"Depot \/ Helfer Zugang"},"content":{"rendered":"\n<p>Der Depot R\u00fcckgabeposten ist gleichzeitig auch der Zugang zum Helferbereich ausserhalb des Openair Gel\u00e4ndes. Dabei sind die zust\u00e4ndigen Helfer*innen angehalten, diesen Zugang im Auge zu behalten, damit sich <strong>keine G\u00e4ste Zugang verschaffen<\/strong>. Falls sich doch G\u00e4ste ausserhalb des Gel\u00e4ndes befinden, diese bitte zur\u00fcck aufs Gel\u00e4nde bitten und im Notfall Security verst\u00e4ndigen.<\/p>\n\n\n\n<p>Wir benutzen ausschliesslich Mehrwegartikel. Auf jedem Mehrwegartikel wird CHF 2.00 Depot verrechnet. <strong>F\u00fcr defekte Artikel gibt es keine R\u00fcckerstattung.<\/strong> Die G\u00e4ste k\u00f6nnen die Becher zwar auch bei der Bar bei einem neuen Kauf eintauschen, wir ziehen die R\u00fcckgabe am Depotstand jedoch vor. <\/p>\n\n\n\n<p>Die Sammel- &amp; Sortierstelle der Mehrwegartikel befindet sich hinter der Depotr\u00fcckgabe, ausserhalb des Gel\u00e4ndes. Die zur\u00fcckgegebenen Artikel sind jeweils gleich in den daf\u00fcr vorgesehenen Kisten, wie auf den Bildern der Kisten abgebildet (\u00d6ffnung nach unten), einzusortieren. So k\u00f6nnen wir uns das Sortieren und Abz\u00e4hlen im Nachhinein sparen. Sobald eine Kiste vollst\u00e4ndig ist, kann sie verschlossen werden. (siehe Abfallkonzept).<\/p>\n\n\n\n<p>Leere Kisten zum Sammeln der R\u00fcckgabeartikel sollen an allen Getr\u00e4nkestationen und an der R\u00fcckgabestation zur Verf\u00fcgung stehen. Erfahrungsgem\u00e4ss werden viele Becher an der Bar zur\u00fcckgegeben. Dort ist leider meistens nicht die Zeit diese gleich zu sortieren. Daher werden diese gelegentlich von Jemandem zur Depotr\u00fcckgabe gebracht, wo es sortiert wird.<\/p>\n\n\n\n<h3 class=\"wp-block-heading\">Musiker*innen und Helfer*innen<\/h3>\n\n\n\n<p>Musiker*innen und Helfer*innen werden kein Depot f\u00fcr das gratis Getr\u00e4nk \/ Essen zahlen. Sie haben eine Info auf dem Bon, dass sie es doch bitte ohne Depot zur\u00fcckgeben sollen. Wir vertrauen darauf, dass sie dies auch tun und bei der R\u00fcckgabe entsprechend sagen. <strong>Bei den \u00abGratis Bons\u00bb ist es die Aufgabe des Helfers bei der Ausgabe und beim Einkassieren die G\u00e4ste nochmal kurz darauf aufmerksam zu machen.<\/strong><\/p>\n\n\n\n<h3 class=\"wp-block-heading\">Mehrweg-Konzept<\/h3>\n\n\n\n<ul class=\"wp-block-list\">\n<li>Nur Boxen \u00f6ffnen, die auch gebraucht werden. <strong>Alle angebrochenen Boxen gelten aus lebensmittelhygienischen Gr\u00fcnden als gebraucht (LMV)<\/strong> und der Inhalt muss gewaschen werden. Daf\u00fcr wird der Waschpreis verrechnet. Schmutzige Artikel k\u00f6nnen \u2013 getrennt von sauberem \u2013 am Stand zwischengelagert werden.<\/li>\n\n\n\n<li>Alle Artikel m\u00fcssen dem Gast gegen ein <strong>Depot von CHF 2.00<\/strong> abgegeben werden. Das Depot ist bei R\u00fccknahme der Artikel wieder an den Gast auszubezahlen. Besch\u00e4digte Artikel bitte zur\u00fccknehmen, aber das Depot nicht auszahlen. Besch\u00e4digte Artikel bitte separat an CUP SYSTEMS AG zur Entsorgung zur\u00fcckgeben.<\/li>\n<\/ul>\n\n\n\n<p>Wir nehmen die Artikel auch an der Bar zur\u00fcck, ziehen es jedoch vor, wenn sie dies beim Depotr\u00fcckgabestand tun. Die an der Bar gesammelten Artikel sollten laufend an den Depotstand gebracht werden, damit sie sortiert werden k\u00f6nnen. Auf den in der Tabelle vorhandenen Artikeln wird je CHF 2.00 Depot erhoben. Normalweise sind es bei unseren Verk\u00e4ufen die CHF 2.00. ACHTUNG: Beim NasiGoreng sind es CHF 4.00, weil wir einen Teller und eine Gabel abgeben. Wenn eine Flasche Wein verkauft wird, nach der Anzahl gew\u00fcnschten Bechern fragen und dies entsprechend verrechnen.<\/p>\n\n\n\n<figure class=\"wp-block-image size-large\"><img loading=\"lazy\" decoding=\"async\" width=\"1024\" height=\"609\" src=\"https:\/\/helfer.openairdeisswil.ch\/wp-content\/uploads\/2024\/08\/2024_Depot_erklaerung-1024x609.png\" alt=\"\" class=\"wp-image-222\" srcset=\"https:\/\/helfer.openairdeisswil.ch\/wp-content\/uploads\/2024\/08\/2024_Depot_erklaerung-1024x609.png 1024w, https:\/\/helfer.openairdeisswil.ch\/wp-content\/uploads\/2024\/08\/2024_Depot_erklaerung-300x178.png 300w, https:\/\/helfer.openairdeisswil.ch\/wp-content\/uploads\/2024\/08\/2024_Depot_erklaerung-768x457.png 768w, https:\/\/helfer.openairdeisswil.ch\/wp-content\/uploads\/2024\/08\/2024_Depot_erklaerung-900x535.png 900w, https:\/\/helfer.openairdeisswil.ch\/wp-content\/uploads\/2024\/08\/2024_Depot_erklaerung.png 1075w\" sizes=\"auto, (max-width: 1024px) 100vw, 1024px\" \/><\/figure>\n","protected":false},"excerpt":{"rendered":"<p>Der Depot R\u00fcckgabeposten ist gleichzeitig auch der Zugang zum Helferbereich ausserhalb des Openair Gel\u00e4ndes. Dabei sind die zust\u00e4ndigen Helfer*innen angehalten, diesen Zugang im Auge zu behalten, damit sich keine G\u00e4ste Zugang verschaffen. Falls sich doch G\u00e4ste ausserhalb des Gel\u00e4ndes befinden, diese bitte zur\u00fcck aufs Gel\u00e4nde bitten und im Notfall Security verst\u00e4ndigen. Wir benutzen ausschliesslich Mehrwegartikel. [&hellip;]<\/p>\n","protected":false},"author":2,"featured_media":0,"parent":0,"menu_order":0,"comment_status":"closed","ping_status":"closed","template":"full-width-page-template.php","meta":{"footnotes":""},"class_list":["post-106","page","type-page","status-publish","hentry"],"_links":{"self":[{"href":"https:\/\/helfer.openairdeisswil.ch\/index.php\/wp-json\/wp\/v2\/pages\/106","targetHints":{"allow":["GET"]}}],"collection":[{"href":"https:\/\/helfer.openairdeisswil.ch\/index.php\/wp-json\/wp\/v2\/pages"}],"about":[{"href":"https:\/\/helfer.openairdeisswil.ch\/index.php\/wp-json\/wp\/v2\/types\/page"}],"author":[{"embeddable":true,"href":"https:\/\/helfer.openairdeisswil.ch\/index.php\/wp-json\/wp\/v2\/users\/2"}],"replies":[{"embeddable":true,"href":"https:\/\/helfer.openairdeisswil.ch\/index.php\/wp-json\/wp\/v2\/comments?post=106"}],"version-history":[{"count":7,"href":"https:\/\/helfer.openairdeisswil.ch\/index.php\/wp-json\/wp\/v2\/pages\/106\/revisions"}],"predecessor-version":[{"id":309,"href":"https:\/\/helfer.openairdeisswil.ch\/index.php\/wp-json\/wp\/v2\/pages\/106\/revisions\/309"}],"wp:attachment":[{"href":"https:\/\/helfer.openairdeisswil.ch\/index.php\/wp-json\/wp\/v2\/media?parent=106"}],"curies":[{"name":"wp","href":"https:\/\/api.w.org\/{rel}","templated":true}]}}